 and p?
12
Let o be 33/(-3)*-6 - 1. Suppose -6 = -5*u + 4. Suppose 5*j - u*j - 78 = 0. What is the greatest common divisor of j and o?
13
Suppose 2*t = -4*w + 5*t + 295, 0 = -4*w + t + 285. Let k = -45 + w. Calculate the greatest common factor of 275 and k.
25
Let c = 9 + -5. Suppose -v = -c*r - 6*v + 12, -r + v = -12. What is the highest common factor of 12 and r?
4
Let d = 10 + -6. Suppose -o = -6 - d. What is the highest common divisor of o and 70?
10
Suppose 0 = 5*n - 3*v + 109, -3*v = -4*v + 3. Let u(o) = -o**3 + 6*o**2 + 7*o. Let f be u(6). Let b = f + n. Calculate the highest common factor of 198 and b.
22
Let v = -69 + 119. Suppose -5*o + 4 + 46 = 0. What is the greatest common factor of o and v?
10
Let z(l) = -l**2 + 6*l + 4. Let a be z(6). Suppose a*b = -b + 175. What is the greatest common factor of 7 and b?
7
Let f(g) = 226*g**3 - g**2 - g + 1. Let y be f(1). What is the greatest common factor of 25 and y?
25
Let x = 0 + 3. Suppose 5*m - 4*m - 4 = 0. Suppose -m*v = -x*k - 96, -v + 11 = -2*k - 2*k. Calculate the highest common factor of v and 9.
9
Let f = 35 - 11. What is the highest common factor of f and 8?
8
Suppose 2*t = -0*t - 3*a + 14, 4*a - 28 = -5*t. What is the highest common divisor of 4 and t?
4
Let x = -292 + 511. Suppose 0*r + 3*r = x. Let y = 122 - r. Calculate the greatest common factor of y and 7.
7
Let m be (-1)/1 + -2 + 33. Let o be (0 - (3 + -1)) + 9. Suppose -9*v + 12 = -o*v. Calculate the greatest common factor of m and v.
6
Let b be (-3 + 5)/((-4)/(-6)). Suppose 28 = b*t + 1. Calculate the highest common divisor of t and 9.
9
Let q(j) = j**2 + j + 6. Let t be q(0). Suppose -2*n + 6 = 0, -3*n = -3*l + 9 + t. Calculate the greatest common divisor of 1 and l.
1
Suppose o - 30 = -o. Suppose 2*x - h + 1 = 0, -16 = 4*x - 2*x + 4*h. Let r be (-7)/x*(-48)/(-28). Calculate the greatest common divisor of o and r.
3
Let f = -655 - -1213. Suppose -z = 5*g - f, -g + 164 - 42 = -5*z. Suppose s + 13 = 29. Calculate the highest common factor of g and s.
16
Suppose -2*a + 10 = -2*b + 4*b, -5*b - 2*a = -16. Suppose v + 17 = 3*r - 28, b*r + 5*v = 30. What is the greatest common divisor of 10 and r?
5
Let t(f) = -f**3 + 13*f**2 - 10*f - 10. Let h be t(12). Calculate the highest common factor of h and 70.
14
Let z(j) = j**2 - 9*j + 8. Let t be z(8). Let w = t + 3. Let s(o) = o**3 + 3*o**2 + o + 1. Let h be s(-2). Calculate the highest common factor of h and w.
3
Suppose -9 = -u + 1. Suppose -6*v = -172 - 368. Calculate the greatest common divisor of v and u.
10
Let a = 0 - -3. Let b be 81/(-12)*(-8)/a. Calculate the greatest common factor of b and 27.
9
Let d(b) be the first derivative of 7*b**3 + b**2/2 - b - 1. Let h be d(2). Let q be -17*(-2)/((-2)/(-1)). What is the highest common divisor of h and q?
17
Let r(a) = -12*a + 25. Let m be r(-8). Calculate the greatest common divisor of 11 and m.
11
Let y be ((-1)/(-2))/((-7)/(-1008)). What is the highest common factor of 8 and y?
8
Suppose 3*b - 7*g = -5*g + 284, 0 = -b + 4*g + 88. Suppose f + 126 = -3*l + 8*l, -b = -4*l - 4*f. Calculate the greatest common factor of 25 and l.
25
Suppose 3*x - 2 = 2*x. Let b be 0 + 7/x*2. Calculate the highest common divisor of b and 77.
7
Let j be 32/(-14) - 4/(-14). Let a be (j/6)/(4/(-156)). Calculate the highest common factor of a and 130.
13
Let n be 15/(-10)*2*-1. Calculate the greatest common divisor of n and 2.
1
Let v = 6 - -9. Let q = 4 - 2. Suppose -45 = -5*k + q*k. What is the highest common factor of k and v?
15
Suppose b = 5*s + 147, 588 = -0*b + 4*b + 3*s. What is the greatest common factor of b and 21?
21
Let w(v) be the third derivative of v**4/12 - 3*v**3/2 + v**2. Let g be w(6). Suppose 10 = g*y - 35. What is the greatest common divisor of 120 and y?
15
Let o(s) = -s**3 - 4*s**2 - 3*s + 2. Let k be o(-4). Suppose 3 = u - 2*t, -2*u + t - 3 = -0*t. Let v = u - -5. Calculate the greatest common factor of v and k.
2
Let r(g) = -9*g - 3. Let b be r(-3). Let m = 63 - b. Let j be ((-11)/(33/78))/(6/(-3)). What is the greatest common factor of j and m?
13
Suppose 2*u = 4*u - 154. Suppose 0*q = -2*q + 14. What is the greatest common divisor of q and u?
7
Let n = -7 - -7. Let g be (-52)/10*(n - 5). What is the highest common factor of g and 65?
13
Suppose 0 = -5*c + 5*p - 15, -6*p = 2*c - 3*p - 14. Calculate the greatest common divisor of 5 and c.
1
Suppose 136 = 2*d + 16. Calculate the highest common factor of d and 20.
20
Suppose -5*n + n + 8 = 0. Suppose 11 = n*s - 115. Calculate the greatest common factor of s and 7.
7
Suppose -2 + 10 = 4*a. Let t(l) = -3*l**3 - l**3 + 3*l**2 + 5*l**3 + 1 + a*l. Let f be t(-2). Calculate the highest common divisor of 1 and f.
1
Suppose -u - 2*v + 18 = 0, -5*v = 5*u - 69 - 36. Suppose 41 + 39 = 5*d. Calculate the highest common divisor of d and u.
8
Let b(u) = -6*u + 2. Let g be b(-2). What is the highest common factor of g and 112?
14
Let o(x) = 2*x**3 - x**2 + 6*x + 4. Let q be o(4). Calculate the greatest common factor of 28 and q.
28
Let y = -17 + 41. Suppose -2*x + 25 - 9 = 0. What is the greatest common divisor of x and y?
8
Let x(k) be the first derivative of k**4/2 - 2*k**3/3 - k**2/2 - 5. Let j be x(3). What is the greatest common divisor of 3 and j?
3
Suppose -o + 2*u + 91 = 19, 5*o + u - 360 = 0. What is the highest common divisor of 180 and o?
36
Let w be (0/(-2))/(4 - 3). Suppose w = -h - 6. Let a be 556/14 - h/21. Calculate the highest common factor of a and 10.
10
Let b = 19 - -3. Calculate the greatest common divisor of b and 22.
22
Suppose -4*t - t + 20 = 0. What is the greatest common factor of 6 and t?
2
Let u(v) = -v**2 + 7*v + 1. Let y be u(7). Let x = 3 + y. Let z = x - 1. Calculate the greatest common factor of 3 and z.
3
Let q(y) = y + 7. Let i be q(-5). What is the greatest common factor of 2 and i?
2
Suppose -2*l = -63 - 27. Calculate the highest common factor of l and 105.
15
Let b(m) = -m**2 - 4*m + 6. Let t be b(-6). Let j be t/4*(-8)/3. Let y be (-3)/(-1 - 2) + j. What is the highest common divisor of y and 25?
5
Suppose 4*t - 614 = 618. What is the highest common factor of 28 and t?
28
Suppose 0 = -3*z, 0 = -11*o + 10*o + 4*z + 42. What is the highest common factor of o and 63?
21
Let o = -1 - -4. Suppose v - 8 = -a, 0*v - o = 4*v - 3*a. Suppose -3 = -v*k + y + y, 2*y - 18 = -4*k. What is the greatest common factor of k and 3?
3
Let d(f) = 25*f**2 + 3*f - 2. Let b be d(1). Calculate the highest common divisor of 39 and b.
13
Let k = 27 - 13. Let f = 25 - k. Let b(u) = -33*u. Let a be b(-1). What is the highest common factor of f and a?
11
Suppose -2*o - 4*u + 2*u + 14 = 0, 5*o - 50 = -2*u. Suppose 3*c + 33 = 2*z, -o = 2*c + 2*c. What is the greatest common divisor of z and 2?
2
Let r be (99/(-132))/(3/(-44)). What is the greatest common factor of r and 44?
11
Let y be 2/(-5)*80/(-8). Suppose 3*o - 4*x + 7 = 0, o - 5*x - 9 = -26. Suppose -o = -3*s, 0*c - 5*c + 164 = 4*s. What is the highest common divisor of y and c?
4
Let j(q) = q + 2. Let p be j(-3). Let b be p/(-3) - 988/(-6). Let n = 52 - 37. What is the highest common divisor of n and b?
15
Suppose 3*l - 63 = 15. Suppose 0 = -y + 6 + 7. Calculate the highest common factor of l and y.
13
Let u(b) = -b**2 - 5*b - 2. Let m be u(-4). Suppose -5*f - t + 67 = -212, 5*f + m*t = 278. Calculate the greatest common factor of f and 14.
14
Let y = -29 - -20. Let q = -7 - y. Suppose -4*j + 26 = 5*p, 5*p + 5*j = -0*j + 30. Calculate the greatest common divisor of p and q.
2
Let w = 35 - 32. Calculate the highest common factor of w and 48.
3
Let s = 8 - 6. Calculate the greatest common divisor of 22 and s.
2
Let q = 159 - 89. Let o = 31 - 17. Calculate the highest common divisor of o and q.
14
Suppose -5*l = 2*z - 4*z + 53, -3*z = -5*l - 67. Calculate the greatest common factor of 21 and z.
7
Suppose -v = -6*v + 1170. Suppose -29 = -3*y + t + 52, 87 = 3*y - 3*t. Calculate the greatest common factor of y and v.
26
Let m = -38 + 42. Let n be (-2)/(-2)*-1 + 29. What is the highest common divisor of n and m?
4
Suppose 2*d = 6*d - 192. Let h be (((-105)/(-6))/7)/(40/192). What is the highest common divisor of d and h?
12
Let k = 18 + 21. What is the highest common factor of k and 13?
13
Let n be (-1)/2*0/(-9). Suppose 0*c + 3*c = 4*i